 prime factors of v(5)?
7
Suppose -2*q + 12 = -6. What are the prime factors of q?
3
Suppose -6*z + 3*z = -195. Let d = z - 23. Suppose 0 = -y - 0*y - r + 11, 3*r = 2*y - d. What are the prime factors of y?
3, 5
Let h = -4 - -8. Suppose q = -3*j + h, -8*j + 4 = -4*j. List the prime factors of (6/3 - -6)*q.
2
Suppose 3*n = 3*s - 2 + 8, 3*n - 8 = 2*s. Suppose v + n = -15. Let z = v - -28. List the prime factors of z.
3
Let p = -17 - -12. Let n = 1 - p. What are the prime factors of n?
2, 3
Suppose -15 = -x + 4*x. Let w(t) = -t**2 - 5*t + 4. Let y be w(x). Suppose l + m - 8 = 0, 2*m + y = 12. List the prime factors of l.
2
Let t = 6 - 5. Let v = t - -1. Suppose -v*h + y = -y - 4, -5*h + 2*y + 13 = 0. List the prime factors of h.
3
Let u = 29 - 21. Let x = 20 - u. List the prime factors of x.
2, 3
Let t(r) = r**2 + 2*r + 2. Let y be t(-2). Suppose l + g = 11, 0 = 4*l - y*l - 3*g - 32. List the prime factors of l.
13
Suppose 2*z = -2*n + 4, n - 4*n + 3 = 4*z. What are the prime factors of (-14)/z + 2/(-3)?
2
What are the prime factors of (-1325)/(-35) + (-2)/(-14)?
2, 19
Suppose 0 = 5*w + 3*q - 1435, 2*q - 1150 = -3*w - w. List the prime factors of w.
2, 5, 29
Let i(s) = s**2 - s + 1. Let w be i(5). List the prime factors of (-3)/((9/w)/(-1)).
7
Let j(z) = z**2 - z + 10. Suppose -y + 2*y = 0. What are the prime factors of j(y)?
2, 5
Let w(a) = -a**3 + 9*a**2 - 9*a. What are the prime factors of w(7)?
5, 7
What are the prime factors of (5 - 2) + 1*77?
2, 5
Suppose -5*c - 60 = -6*c. What are the prime factors of c?
2, 3, 5
Suppose -3*n - 6 = -0. List the prime factors of n/(-4)*(-20)/(-1).
2, 5
Let i be 0/((-5)/(15/(-6))). Suppose 5*v + 4*d + i*d - 260 = 0, -3*d = -v + 33. Suppose m = 3*j - v, 6*m = 4*j + 2*m - 56. What are the prime factors of j?
17
Let i = 0 - -4. Suppose -i*y + 44 = -0*y. List the prime factors of y.
11
Let o = 302 - 215. What are the prime factors of o?
3, 29
Let r be (4/6)/((-11)/(-99)). Let t be 16/(-2) + 0 - 2. List the prime factors of 4/r - t/3.
2
Suppose -2*v - 2*v = -20, 2*f + 4*v - 8 = 0. List the prime factors of (2*-4)/(f - -5).
2
Let i(d) = -d**3 + 14*d**2 + 38*d - 2. What are the prime factors of i(16)?
2, 47
Let h = -102 + 335. What are the prime factors of h?
233
Let c = 68 + -102. Let y = c + 58. Suppose -5*p + p + y = 0. What are the prime factors of p?
2, 3
Suppose -4*o - 92 = 160. Let a = -37 - o. What are the prime factors of a?
2, 13
Let w(r) = r**2 + r. Let i be w(-4). What are the prime factors of 64/i - (-4)/(-12)?
5
Suppose -5*r + 59 = 5*x - 51, x = -5*r + 26. Let a = x + -12. Suppose 2*b - a - 7 = 0. What are the prime factors of b?
2
Let s(l) = 6*l + 17. What are the prime factors of s(12)?
89
Let o(v) = -v**2 - 3*v + 2. Let t be o(2). Let h = 15 + t. What are the prime factors of h?
7
Let x(m) = -4*m - 1. Let z be x(-1). Suppose -6 = 3*y + z. List the prime factors of ((-56)/(-12))/((-2)/y).
7
Suppose 0*l - 5*l = -30. Suppose 4*b = -l*d + 2*d, -12 = -b + 2*d. Suppose -b*c + 40 = c. List the prime factors of c.
2
Suppose 0 = -8*q + 16*q - 2544. List the prime factors of q.
2, 3, 53
Suppose p + 28 = -4*f + 7, -2*p - 10 = 0. Let j = f - -8. Suppose -10 = 2*s - j*s. List the prime factors of s.
5
Suppose 5*d = -2*d + 784. List the prime factors of d.
2, 7
Let b(y) be the second derivative of y**5/10 + y**4/6 + y**3/6 - 3*y**2/2 + 4*y. What are the prime factors of b(2)?
23
Let j = 230 + -113. List the prime factors of j.
3, 13
Let j = 19 - -3. What are the prime factors of j?
2, 11
Suppose 2*d - 2 - 2 = 0. Suppose d*m + 0 - 4 = 0. What are the prime factors of m?
2
Let x(n) = 2*n**2 + 3*n. Let j be x(-2). Suppose 0*q - 4*q - 2*p + 62 = 0, -46 = -3*q - j*p. What are the prime factors of q?
2
Let a(v) = -v**3 - 8*v**2 - 5*v - 2. Let j be a(-7). Let p = j + 38. List the prime factors of p.
2, 11
Let s be (-3)/((-5)/2 + 2). Let a be (12/(-10))/(s/(-15)). What are the prime factors of ((-1)/(-1))/(a/18)?
2, 3
Let m(p) = p**2 - 4*p + 1. List the prime factors of m(6).
13
Suppose d + 3 - 5 = 0. Let x be (d/6)/(2/30). Let i = 3 + x. What are the prime factors of i?
2
Let r = -1 - -3. Let w(t) = t**3 + 2 - 6*t - t**2 + t + 3*t. List the prime factors of w(r).
2
Let w be (-21)/(-4) - 1/4. Let h = 13 + -10. Suppose w*g = 4*t + 29, -5*g + t + 23 = h*t. What are the prime factors of g?
5
Let t be -3*1 - 10/(-2). Suppose t*w + 3*m = -2*w + 28, 0 = 3*w - 3*m. Suppose w = -3*g + 5*g. List the prime factors of g.
2
What are the prime factors of ((-216)/(-20))/((-9)/(-30))?
2, 3
Let u = -34 + 43. List the prime factors of u.
3
Let c be -1*(-4 - -1) + 0. Suppose -c*b - 5 = -4*b. List the prime factors of b.
5
Let c(n) = -n**3 + 4*n**2 + 6*n + 4. Let g be c(5). Suppose -4*v + g = -v. Let f = 8 + v. What are the prime factors of f?
11
Let v(t) = t**2 - 11*t - 14. Let m be v(12). List the prime factors of 12 + 4 - (m - -4).
2, 7
Let x = 5 - -11. Suppose 0*g = -4*g + x. Suppose -c + 3*r - g = 0, -5*c = -3*r + r - 32. List the prime factors of c.
2
Suppose i = -4*b - 14, 0 = 2*i - b - 3*b + 40. Let q = i + 46. What are the prime factors of q?
2, 7
Suppose y - 2*s = 3*y + 106, -2*y - 4*s = 110. Let z = y - -95. Suppose -4*n - 12 = -z. List the prime factors of n.
2
Let s = 126 + -57. List the prime factors of s.
3, 23
Suppose 637 = 5*p + 22. What are the prime factors of p?
3, 41
Suppose 2*m - 138 = 3*v, -v - 2*v - 207 = -3*m. List the prime factors of m.
3, 23
Let x(j) be the second derivative of j**4/6 - 7*j**3/6 + 7*j**2/2 + 6*j. What are the prime factors of x(6)?
37
Suppose -6 = n - 0*n. Let b(l) = l**2 + 2*l - 5. List the prime factors of b(n).
19
Let h be -12*(-1)/(-4)*-3. Suppose 27 = 3*y + h. Let o = 2 + y. List the prime factors of o.
2
List the prime factors of -2*(1 - 78/4).
37
Suppose -z + 18 = -5. Let f = -9 + z. What are the prime factors of f?
2, 7
Let b be ((-2)/5)/(12/660). Let k = -18 - b. List the prime factors of k.
2
Suppose -j + 60 = j. List the prime factors of j.
2, 3, 5
Let i = 18 + 1. Let x = 35 - i. What are the prime factors of x?
2
Let m(o) = -o - 2*o + 3 - 6 - 5. Let w be m(-6). What are the prime factors of (w/(-8))/(5/(-20))?
5
Suppose -4*h = 3*f - 18, -f + 4*h - 7 = h. List the prime factors of f.
2
Let x = 85 + -45. Let r(z) = 2*z**3. Let k be r(1). Suppose 6*m - k*m = 4*a + x, -5*m + 32 = a. List the prime factors of m.
7
What are the prime factors of 226/6 + (-11)/(-33)?
2, 19
Let l = -64 + 24. What are the prime factors of (-6)/(l/(-22) + -2)?
3, 11
Let k = -78 - -109. What are the prime factors of k?
31
Let r = -12 + 18. Let z be 3/((-3)/r + 2). Suppose 5*d = -2*n + 86, -2*d - z*n + 11 = -27. List the prime factors of d.
2
Let u = -1 + 1. Suppose u = 5*a + l - 4*l + 103, -3*l + 83 = -4*a. Let w = a + 31. What are the prime factors of w?
11
Let z = -101 + 208. What are the prime factors of z?
107
Let h = -14 - -20. Suppose v + 4*w = h*v - 237, -v = 3*w - 55. List the prime factors of v.
7
Let q(g) = -g**3 + 6*g**2 - 5*g - 3. Let o be -1*(2 - -1) - -7. What are the prime factors of q(o)?
3
Suppose 34 = -3*v + 5*w, -w + 2*w = v + 8. Let q(y) = -4*y + 2. Let a be q(v). Suppose 0 = 3*b + s - a, 2*b = -4*s + 12 + 14. List the prime factors of b.
3
List the prime factors of (-1)/(3/(-1053)*3).
3, 13
Let t(v) = v**3 + 10*v**2 - 3*v - 1. Let u be (6/(-4))/((-6)/(-40)). What are the prime factors of t(u)?
29
Suppose t + 3*r = 231 - 21, 3 = -3*r. What are the prime factors of t?
3, 71
Suppose 0 = 3*p + p - 3*n - 227, 3*p = n + 169. What are the prime factors of ((-15)/10)/((-6)/p)?
2, 7
Let k(n) = -30*n + 1 + 164*n + 2. Let u be k(-2). List the prime factors of 2/(-8) - u/20.
13
Suppose 0 = -2*q - 5*b + 153 + 118, 4*b = -4. What are the prime factors of q?
2, 3, 23
Suppose -8*q - 147 = -15*q. List the prime factors of q.
3, 7
Suppose -2*k = -4*k. Suppose k*s - 30 = -5*s. List the prime factors of s.
2, 3
Let t = -24 - -22. What are the prime factors of 24 - (t + 2 - 0)?
2, 3
Suppose 4*g - 3*t = 2, -4*g = -t - 8 + 2. Suppose 7*c = g*c + 125. List the prime factors of c.
5
Suppose -14 = -3*q + 40. What are the prime factors of q?
2, 3
Suppose -3*h = -0*h + 5*z - 14, 0 = -3*z + 3. Suppose -h*x = -o - 124, -3*x + 7*x = -5*o + 159. What are the prime factors of x?
41
Let z(o) = 4*o - 6. Let v be z(5). Le